. Let f = 37 + -37. What is the remainder when 7 is divided by q(f)?
2
Let x be (-6 - 217/(-35)) + (-1)/5. Suppose 2*a + 4 = x, 2*a = 2*n + 3*n - 79. Let g = -45 - -87. What is the remainder when g is divided by n?
12
Let h(m) = 3*m**2 + 7*m - 6. Let y be h(9). Suppose -2*r = -6*r + y. Calculate the remainder when r is divided by 39.
36
Let z be ((-20)/6)/(16/(-24)). Let t = 29 - z. What is the remainder when t/18*(-45)/(-2) is divided by 8?
6
What is the remainder when (-2194)/(-10) - (-128)/(-320) is divided by 80?
59
What is the remainder when 8/(220/525 + (-4)/14) is divided by (-1)/(2 + -1 + (-96)/93)?
29
Suppose -2*c + 294 + 22 = 0. What is the remainder when c is divided by 16?
14
Let c(h) = h**3 - 7*h**2 + 11*h - 13. What is the remainder when c(6) is divided by 16?
1
Let w = 192 - 180. Calculate the remainder when ((-162)/(-4))/(2/4) is divided by w.
9
Let b = -1858 - -1887. Calculate the remainder when b is divided by (-1 + 33)/2 - 0.
13
Let y(g) = g**3 - 2*g**2 - 6*g - 30. Suppose 3*c - 194 = -20. Calculate the remainder when c is divided by y(5).
13
Suppose 3*o = -4*b + 1360, -26*b + 21*b - 3*o = -1697. What is the remainder when b is divided by 20?
17
Let k = -1 - 1. Let l(c) = -8*c**3 - 3*c**2 + 3. Let n be l(-1). Calculate the remainder when (n/(-24))/(k/42) is divided by 3.
1
Suppose 4*v - 226 = 3*m, 0 = 7*m - 2*m + v + 415. Let w = m + 121. Suppose -4*i + 2 = y - 2*y, 0 = i - 3. What is the remainder when w is divided by y?
9
Suppose -380*o - 12 = -386*o. Calculate the remainder when 20 is divided by o.
0
Suppose 5*v = w, -v = 2*v. Suppose w = -4*f - 19 + 67. What is the remainder when 59 is divided by f?
11
Let l(h) = h**3 + 13*h**2 + 11*h - 14. Let a be l(-10). Let c = a - 63. Calculate the remainder when c is divided by 38.
37
Let p = -677 - -754. What is the remainder when p is divided by -3 - -3 - 1*-21?
14
Suppose -2 = -4*i - 22, -3*s + 4*i + 35 = 0. Suppose -80 = -2*p - 3*l, 3*p - 190 = -2*p - s*l. Calculate the remainder when p is divided by 12.
10
Let v = -134 - -131. What is the remainder when (592/(-6))/(3/(-6 + v)) is divided by 11?
10
Suppose z = -5*z + 288. Calculate the remainder when z is divided by 31.
17
Suppose 4*d + 31 = 87. Suppose 5*j - 66 = d. Calculate the remainder when 47 is divided by j.
15
Let b(z) = z**2 - z + 4. Calculate the remainder when 35 + (4/6)/((-38)/(-171)) is divided by b(3).
8
Suppose -3*d = -74 + 14. Suppose 17*w - d*w + 126 = 0. Calculate the remainder when w is divided by 11.
9
Let v(k) = -4*k - 10 - 2 - 6 - 12. Let b(a) = a + 1. What is the remainder when v(-9) is divided by b(2)?
0
Let b(x) = 67*x. Suppose -15 - 2 = -m. Calculate the remainder when b(1) is divided by m.
16
Let d(v) = -46*v - 10. Let q be d(4). Calculate the remainder when (2 - 3/6)/((-3)/q) is divided by 25.
22
Suppose -5*b - x + 1 = -16, 4*b - 6 = 3*x. Suppose 5*t + c + 12 = 0, -5*t + 0*t - 4*c = b. Calculate the remainder when 5 is divided by 3 - ((-3)/t - 0).
1
What is the remainder when 103 is divided by 31/2 - (-3 + (-42)/(-12))?
13
Let h(a) = 12*a - 4. Let s(l) = 8*l - 3. Suppose -6 - 14 = -4*n. Let g(u) = n*h(u) - 7*s(u). Calculate the remainder when 67 is divided by g(4).
16
Let s = 926 - 812. Calculate the remainder when 680 is divided by s.
110
Suppose 0 = 5*i - 28 + 3. Suppose 0 = i*a - 97 + 17. Suppose 3*c - 3*n - 75 = 0, 3*c + 2*n - 4*n = 80. What is the remainder when c is divided by a?
14
Suppose 3*g + 0*f = -4*f, -4*g + 4*f = -28. Suppose 5*j - 37 = 5*v + 43, -j + 28 = 5*v. Calculate the remainder when j is divided by g.
2
Suppose -u + 5*s = -27, -3*u + 16*s - 15*s = -39. Calculate the remainder when u is divided by 11.
1
Calculate the remainder when 741 is divided by (960/150)/((-4)/(-15)).
21
Let i be 1/4 + (-719)/(-4). Suppose l = -l + i. What is the remainder when l is divided by 24?
18
Let t = -98 + 117. Let d = 135 + -69. Let c = d + -30. Calculate the remainder when c is divided by t.
17
Let t = 527 - 319. Calculate the remainder when t is divided by 42.
40
Let b = 21 - -16. Suppose -b = 2*c - 127. Calculate the remainder when c is divided by 23.
22
Suppose -2*n = -5*n + 15. Suppose 0 = -7*p + p + 66. Calculate the remainder when p is divided by n.
1
Let r(c) = -c**3 + 11*c**2 - 6*c - 8. Calculate the remainder when r(9) is divided by 22.
12
Let q(y) = 10*y + 284. Calculate the remainder when 509 is divided by q(-25).
33
Suppose 0 = 4*l - 3*a - 46, l - 2 = -3*a + 2. Suppose -l = -v + 10. Calculate the remainder when 36 is divided by v.
16
Suppose -52 = -5*d + 4*c, -4*d + 42 = -4*c + 2. What is the remainder when 17 is divided by d?
5
Let o = -2 - -1. Let r = 10 - o. Suppose 2*u + 3*b = -3*u + 147, 0 = -4*u - 4*b + 116. Calculate the remainder when u is divided by r.
8
Suppose -3*k - 14 = -5*v - 42, -v = k - 20. Let i be (-9)/15 + k/10. Suppose -3 = -o - i. Calculate the remainder when o is divided by 2.
0
Let z = 54 - 27. Let x = 77 + 28. What is the remainder when x is divided by z?
24
Suppose -6*r - 1 = 11. Let y = 15 + r. Calculate the remainder when 51 is divided by y.
12
Let b(v) = 4*v**3 + v**2 + 3*v - 1. What is the remainder when b(3) is divided by 7?
6
Let t = -212 + 273. Calculate the remainder when t is divided by 9.
7
Suppose -k = -3*g - 855, 3*g + 142 = 2*k - 1574. Calculate the remainder when k is divided by 9.
6
Calculate the remainder when 815 is divided by ((-7)/(-21))/((-1)/(-51)).
16
Let x(i) = -i**2 + 6*i + 2. Let c be x(6). Suppose 0 = -5*f + c*b + 45, -3*f - 4*b = -4*f + 9. Let l = 2 + f. What is the remainder when 29 is divided by l?
7
Let j = -2366 + 2485. What is the remainder when j is divided by 99?
20
Let t(s) = 272*s + 6. What is the remainder when t(1) is divided by 57?
50
Let l(h) = -16*h - 28. Let k be l(-10). Let n = k + -89. Calculate the remainder when n is divided by 5.
3
Let z(f) = -5*f - 26. Suppose 3*o - 78 = 3*m, -2*m + m - 3 = 0. Calculate the remainder when z(-14) is divided by o.
21
Let l = 153 + -92. Let u = 81 - l. Calculate the remainder when 63 is divided by u.
3
Suppose 0*s - 114 = -3*m - s, 0 = -3*m + 3*s + 102. Calculate the remainder when m is divided by 36.
1
Suppose -2*l = -4*l - 24. Let q = 17 + l. Suppose 16 = -q*v + 9*v. What is the remainder when 17 is divided by v?
1
Let f(k) = 2*k**3 + 26*k**2 + 20*k + 51. Let j(w) = w**3 + 13*w**2 + 10*w + 26. Let q(a) = 2*f(a) - 5*j(a). What is the remainder when q(-13) is divided by 26?
24
Suppose -18 = -6*c - 6. Let g = 31 + -8. What is the remainder when g is divided by c?
1
Let b(p) = p**3 + 12*p**2 + 25*p - 4. What is the remainder when 43 is divided by b(-9)?
1
What is the remainder when (-80)/70 + 932/7 is divided by 20?
12
Let l(d) = 10*d**3 - 2*d**2 + 1. Let s be (-2 - (-8)/1) + -1. Suppose 0 = -s*v + 3 + 7. What is the remainder when l(v) is divided by 25?
23
Suppose i + 508 = -3*i. Let x = -58 - i. Calculate the remainder when x is divided by 14.
13
Let h(d) = -3*d + 13. What is the remainder when h(-11) is divided by (-8 + 0)/(-4) - (-5 - 1)?
6
Suppose -31 = -6*c + c - b, 0 = 2*c + 4*b + 2. Calculate the remainder when 34 is divided by c.
6
Let w(x) = x**3 + 12*x**2 - 15*x + 14. What is the remainder when (57/(-6))/(1/(-12)) is divided by w(-13)?
34
Suppose 0 = 5*t + 2*o - 120, 2*t + 3*t - o - 105 = 0. Calculate the remainder when t is divided by 8.
6
Suppose 42 = -2*c + 5*c. Suppose f = 197*y - 200*y + 37, -2*f = 3*y - 89. Calculate the remainder when f is divided by c.
10
Suppose 55 + 144 = 5*x - 2*b, -4*b - 111 = -3*x. Calculate the remainder when 161 is divided by x.
38
Let b(u) = u**2 - u - 26. Calculate the remainder when 70 is divided by b(8).
10
Let z(n) = -3*n - 133. What is the remainder when z(-56) is divided by 10 - 6/(-9)*3?
11
Suppose -4116 - 1560 = -11*a. Suppose -4*m + 0*z + a = -2*z, 2*z - 139 = -m. Let u = 16 + 17. What is the remainder when m is divided by u?
32
Let h(d) be the first derivative of -d**3/3 + 9*d**2 - 7*d - 2. What is the remainder when h(17) is divided by 2?
0
Let f = 198 + -192. Calculate the remainder when 15 is divided by f.
3
Let g(f) = 2*f**2 - 2*f - 6. Let k be 8/(-6)*3/1. Suppose -8*p + 0*p = -96. Calculate the remainder when g(k) is divided by p.
10
Let t(m) = 103*m - 192. Calculate the remainder when 1622 is divided by t(2).
12
Suppose f -